{"id":82056,"date":"2022-03-03T08:59:55","date_gmt":"2022-03-03T07:59:55","guid":{"rendered":"http:\/\/www.geltoki.red\/?page_id=82056"},"modified":"2022-03-03T09:03:46","modified_gmt":"2022-03-03T08:03:46","slug":"pequeno","status":"publish","type":"page","link":"https:\/\/www.geltoki.red\/eu\/pequeno\/","title":{"rendered":"z\/ peque\u00f1o"},"content":{"rendered":"\t\t<div data-elementor-type=\"wp-page\" data-elementor-id=\"82056\" class=\"elementor elementor-82056\" data-elementor-post-type=\"page\">\n\t\t\t\t\t\t<section class=\"elementor-section elementor-top-section elementor-element elementor-element-8399e01 elementor-section-boxed elementor-section-height-default elementor-section-height-default\" data-id=\"8399e01\" data-element_type=\"section\" data-e-type=\"section\">\n\t\t\t\t\t\t<div class=\"elementor-container elementor-column-gap-default\">\n\t\t\t\t\t<div class=\"elementor-column elementor-col-100 elementor-top-column elementor-element elementor-element-cd518a6\" data-id=\"cd518a6\" data-element_type=\"column\" data-e-type=\"column\">\n\t\t\t<div class=\"elementor-widget-wrap elementor-element-populated\">\n\t\t\t\t\t\t<div class=\"elementor-element elementor-element-b03121f elementor-widget elementor-widget-heading\" data-id=\"b03121f\" data-element_type=\"widget\" data-e-type=\"widget\" data-widget_type=\"heading.default\">\n\t\t\t\t<div class=\"elementor-widget-container\">\n\t\t\t\t\t<h2 class=\"elementor-heading-title elementor-size-default\"><a href=\"http:\/\/www.geltoki.red\/agenda\">&lt;&lt; Itzuli agendara<\/a><\/h2>\t\t\t\t<\/div>\n\t\t\t\t<\/div>\n\t\t\t\t\t<\/div>\n\t\t<\/div>\n\t\t\t\t\t<\/div>\n\t\t<\/section>\n\t\t\t\t<section class=\"elementor-section elementor-top-section elementor-element elementor-element-cb82d9b elementor-section-content-middle elementor-reverse-mobile elementor-section-boxed elementor-section-height-default elementor-section-height-default\" data-id=\"cb82d9b\" data-element_type=\"section\" data-e-type=\"section\">\n\t\t\t\t\t\t<div class=\"elementor-container elementor-column-gap-no\">\n\t\t\t\t\t<div class=\"elementor-column elementor-col-50 elementor-top-column elementor-element elementor-element-debf710\" data-id=\"debf710\" data-element_type=\"column\" data-e-type=\"column\">\n\t\t\t<div class=\"elementor-widget-wrap elementor-element-populated\">\n\t\t\t\t\t\t<div class=\"elementor-element elementor-element-1cd9241 elementor-widget elementor-widget-image\" data-id=\"1cd9241\" data-element_type=\"widget\" data-e-type=\"widget\" data-widget_type=\"image.default\">\n\t\t\t\t<div class=\"elementor-widget-container\">\n\t\t\t\t\t\t\t\t\t\t\t\t\t\t\t<img fetchpriority=\"high\" decoding=\"async\" width=\"644\" height=\"798\" src=\"https:\/\/www.geltoki.red\/wp-content\/uploads\/2022\/03\/pequeno-1.jpg\" class=\"attachment-full size-full wp-image-82052\" alt=\"\" srcset=\"https:\/\/www.geltoki.red\/wp-content\/uploads\/2022\/03\/pequeno-1.jpg 644w, https:\/\/www.geltoki.red\/wp-content\/uploads\/2022\/03\/pequeno-1-242x300.jpg 242w, https:\/\/www.geltoki.red\/wp-content\/uploads\/2022\/03\/pequeno-1-600x743.jpg 600w\" sizes=\"(max-width: 644px) 100vw, 644px\" \/>\t\t\t\t\t\t\t\t\t\t\t\t\t\t\t<\/div>\n\t\t\t\t<\/div>\n\t\t\t\t\t<\/div>\n\t\t<\/div>\n\t\t\t\t<div class=\"elementor-column elementor-col-50 elementor-top-column elementor-element elementor-element-1e1f65b\" data-id=\"1e1f65b\" data-element_type=\"column\" data-e-type=\"column\">\n\t\t\t<div class=\"elementor-widget-wrap elementor-element-populated\">\n\t\t\t\t\t\t<div class=\"elementor-element elementor-element-0669080 elementor-widget elementor-widget-heading\" data-id=\"0669080\" data-element_type=\"widget\" data-e-type=\"widget\" data-widget_type=\"heading.default\">\n\t\t\t\t<div class=\"elementor-widget-container\">\n\t\t\t\t\t<h4 class=\"elementor-heading-title elementor-size-default\">LIBURUAREN AURKEZPENA | 2022\/03\/18 &gt; 18.30etan<\/h4>\t\t\t\t<\/div>\n\t\t\t\t<\/div>\n\t\t\t\t<div class=\"elementor-element elementor-element-9086bb1 elementor-widget elementor-widget-heading\" data-id=\"9086bb1\" data-element_type=\"widget\" data-e-type=\"widget\" data-widget_type=\"heading.default\">\n\t\t\t\t<div class=\"elementor-widget-container\">\n\t\t\t\t\t<h4 class=\"elementor-heading-title elementor-size-default\">PEQUE\u00d1O<\/h4>\t\t\t\t<\/div>\n\t\t\t\t<\/div>\n\t\t\t\t<div class=\"elementor-element elementor-element-4007afa elementor-widget elementor-widget-text-editor\" data-id=\"4007afa\" data-element_type=\"widget\" data-e-type=\"widget\" data-widget_type=\"text-editor.default\">\n\t\t\t\t<div class=\"elementor-widget-container\">\n\t\t\t\t\t\t\t\t\t<p>Ana Mart\u00edn Labairu<\/p>\t\t\t\t\t\t\t\t<\/div>\n\t\t\t\t<\/div>\n\t\t\t\t<div class=\"elementor-element elementor-element-73e17f4 elementor-widget elementor-widget-text-editor\" data-id=\"73e17f4\" data-element_type=\"widget\" data-e-type=\"widget\" data-widget_type=\"text-editor.default\">\n\t\t\t\t<div class=\"elementor-widget-container\">\n\t\t\t\t\t\t\t\t\t<p>Ana Mart\u00edn Labairu (Iru\u00f1ea, 1988) Filologia Hispanikoan eta Kazetaritzan lizentziaduna da. Tokiko hainbat komunikabidetan kolaboratu du (egunkari eta irratietan). Gaur egun Gaztelania eta Literaturako irakaslea da Bigarren Hezkuntzako institutu batean. &#8216;Peque\u00f1o&#8217; da bere lehen obra. Liburua argitaratu aurretik, bigarren proiektu literario bat du buruan.<\/p><p>&#8216;Peque\u00f1o&#8217; poema-liburu laburra da, eta duela hilabete batzuk ama izan ondoren bere esperientzia azaltzen du. Testuek emozio edo une desberdinak dituzte ardatz (haurdunaldia, erditzea, edoskitzea, kezkak, beldurrak, nekea, ilusioak, zoriontasuna), baita amatasunaren inguruko sinismenak eta presio sozialak ere. Poema bakoitzarekin batera, bere bertsoetako bat edertasunez eta askatasunez marrazten duen ilustrazio bat agertzen da.<\/p>\t\t\t\t\t\t\t\t<\/div>\n\t\t\t\t<\/div>\n\t\t\t\t\t<\/div>\n\t\t<\/div>\n\t\t\t\t\t<\/div>\n\t\t<\/section>\n\t\t\t\t<\/div>\n\t\t","protected":false},"excerpt":{"rendered":"<p>18.30etan PEQUE\u00d1O Ana Mart\u00edn Labairu Ana Mart\u00edn Labairu (Iru\u00f1ea, 1988) Filologia Hispanikoan eta Kazetaritzan lizentziaduna da. Tokiko hainbat komunikabidetan kolaboratu du (egunkari eta irratietan). Gaur egun Gaztelania eta Literaturako irakaslea da Bigarren Hezkuntzako institutu batean. &#8216;Peque\u00f1o&#8217; da bere lehen obra. Liburua argitaratu aurretik, bigarren proiektu literario bat du buruan. &#8216;Peque\u00f1o&#8217; poema-liburu laburra da, eta duela &#8230; <a title=\"z\/ peque\u00f1o\" class=\"read-more\" href=\"https:\/\/www.geltoki.red\/eu\/pequeno\/\" aria-label=\"Read more about z\/ peque\u00f1o\">Read more<\/a><\/p>\n","protected":false},"author":1,"featured_media":0,"parent":0,"menu_order":0,"comment_status":"closed","ping_status":"closed","template":"","meta":{"footnotes":""},"class_list":["post-82056","page","type-page","status-publish"],"aioseo_notices":[],"_links":{"self":[{"href":"https:\/\/www.geltoki.red\/eu\/wp-json\/wp\/v2\/pages\/82056","targetHints":{"allow":["GET"]}}],"collection":[{"href":"https:\/\/www.geltoki.red\/eu\/wp-json\/wp\/v2\/pages"}],"about":[{"href":"https:\/\/www.geltoki.red\/eu\/wp-json\/wp\/v2\/types\/page"}],"author":[{"embeddable":true,"href":"https:\/\/www.geltoki.red\/eu\/wp-json\/wp\/v2\/users\/1"}],"replies":[{"embeddable":true,"href":"https:\/\/www.geltoki.red\/eu\/wp-json\/wp\/v2\/comments?post=82056"}],"version-history":[{"count":0,"href":"https:\/\/www.geltoki.red\/eu\/wp-json\/wp\/v2\/pages\/82056\/revisions"}],"wp:attachment":[{"href":"https:\/\/www.geltoki.red\/eu\/wp-json\/wp\/v2\/media?parent=82056"}],"curies":[{"name":"wp","href":"https:\/\/api.w.org\/{rel}","templated":true}]}}

z/ pequeño

<div data-elementor-type="wp-page" data-elementor-id="82056" class="elementor elementor-82056" data-elementor-post-type="page">
						<section class="elementor-section elementor-top-section elementor-element elementor-element-8399e01 elementor-section-boxed elementor-section-height-default elementor-section-height-default" data-id="8399e01" data-element_type="section" data-e-type="section">
						<div class="elementor-container elementor-column-gap-default">
					<div class="elementor-column elementor-col-100 elementor-top-column elementor-element elementor-element-cd518a6" data-id="cd518a6" data-element_type="column" data-e-type="column">
			<div class="elementor-widget-wrap elementor-element-populated">
						<div class="elementor-element elementor-element-b03121f elementor-widget elementor-widget-heading" data-id="b03121f" data-element_type="widget" data-e-type="widget" data-widget_type="heading.default">
				<div class="elementor-widget-container">
					<h2 class="elementor-heading-title elementor-size-default"><a href="http://www.geltoki.red/agenda">&lt;&lt; Itzuli agendara</a></h2>				</div>
				</div>
					</div>
		</div>
					</div>
		</section>
				<section class="elementor-section elementor-top-section elementor-element elementor-element-cb82d9b elementor-section-content-middle elementor-reverse-mobile elementor-section-boxed elementor-section-height-default elementor-section-height-default" data-id="cb82d9b" data-element_type="section" data-e-type="section">
						<div class="elementor-container elementor-column-gap-no">
					<div class="elementor-column elementor-col-50 elementor-top-column elementor-element elementor-element-debf710" data-id="debf710" data-element_type="column" data-e-type="column">
			<div class="elementor-widget-wrap elementor-element-populated">
						<div class="elementor-element elementor-element-1cd9241 elementor-widget elementor-widget-image" data-id="1cd9241" data-element_type="widget" data-e-type="widget" data-widget_type="image.default">
				<div class="elementor-widget-container">
															<img fetchpriority="high" decoding="async" width="644" height="798" src="https://www.geltoki.red/wp-content/uploads/2022/03/pequeno-1.jpg" class="attachment-full size-full wp-image-82052" alt="" srcset="https://www.geltoki.red/wp-content/uploads/2022/03/pequeno-1.jpg 644w, https://www.geltoki.red/wp-content/uploads/2022/03/pequeno-1-242x300.jpg 242w, https://www.geltoki.red/wp-content/uploads/2022/03/pequeno-1-600x743.jpg 600w" sizes="(max-width: 644px) 100vw, 644px" />															</div>
				</div>
					</div>
		</div>
				<div class="elementor-column elementor-col-50 elementor-top-column elementor-element elementor-element-1e1f65b" data-id="1e1f65b" data-element_type="column" data-e-type="column">
			<div class="elementor-widget-wrap elementor-element-populated">
						<div class="elementor-element elementor-element-0669080 elementor-widget elementor-widget-heading" data-id="0669080" data-element_type="widget" data-e-type="widget" data-widget_type="heading.default">
				<div class="elementor-widget-container">
					<h4 class="elementor-heading-title elementor-size-default">LIBURUAREN AURKEZPENA | 2022/03/18 &gt; 18.30etan</h4>				</div>
				</div>
				<div class="elementor-element elementor-element-9086bb1 elementor-widget elementor-widget-heading" data-id="9086bb1" data-element_type="widget" data-e-type="widget" data-widget_type="heading.default">
				<div class="elementor-widget-container">
					<h4 class="elementor-heading-title elementor-size-default">PEQUEÑO</h4>				</div>
				</div>
				<div class="elementor-element elementor-element-4007afa elementor-widget elementor-widget-text-editor" data-id="4007afa" data-element_type="widget" data-e-type="widget" data-widget_type="text-editor.default">
				<div class="elementor-widget-container">
									<p>Ana Martín Labairu</p>								</div>
				</div>
				<div class="elementor-element elementor-element-73e17f4 elementor-widget elementor-widget-text-editor" data-id="73e17f4" data-element_type="widget" data-e-type="widget" data-widget_type="text-editor.default">
				<div class="elementor-widget-container">
									<p>Ana Martín Labairu (Iruñea, 1988) Filologia Hispanikoan eta Kazetaritzan lizentziaduna da. Tokiko hainbat komunikabidetan kolaboratu du (egunkari eta irratietan). Gaur egun Gaztelania eta Literaturako irakaslea da Bigarren Hezkuntzako institutu batean. &#8216;Pequeño&#8217; da bere lehen obra. Liburua argitaratu aurretik, bigarren proiektu literario bat du buruan.</p><p>&#8216;Pequeño&#8217; poema-liburu laburra da, eta duela hilabete batzuk ama izan ondoren bere esperientzia azaltzen du. Testuek emozio edo une desberdinak dituzte ardatz (haurdunaldia, erditzea, edoskitzea, kezkak, beldurrak, nekea, ilusioak, zoriontasuna), baita amatasunaren inguruko sinismenak eta presio sozialak ere. Poema bakoitzarekin batera, bere bertsoetako bat edertasunez eta askatasunez marrazten duen ilustrazio bat agertzen da.</p>								</div>
				</div>
					</div>
		</div>
					</div>
		</section>
				</div>

<p>18.30etan PEQUEÑO Ana Martín Labairu Ana Martín Labairu (Iruñea, 1988) Filologia Hispanikoan eta Kazetaritzan lizentziaduna da. Tokiko hainbat komunikabidetan kolaboratu du (egunkari eta irratietan). Gaur egun Gaztelania eta Literaturako irakaslea da Bigarren Hezkuntzako institutu batean. &#8216;Pequeño&#8217; da bere lehen obra. Liburua argitaratu aurretik, bigarren proiektu literario bat du buruan. &#8216;Pequeño&#8217; poema-liburu laburra da, eta duela &#8230; <a title="z/ pequeño" class="read-more" href="https://www.geltoki.red/eu/pequeno/" aria-label="Read more about z/ pequeño">Read more</a></p>
