{"id":114659,"date":"2025-08-28T11:18:23","date_gmt":"2025-08-28T09:18:23","guid":{"rendered":"https:\/\/www.geltoki.red\/?post_type=product&#038;p=114659"},"modified":"2025-09-11T00:26:14","modified_gmt":"2025-09-10T22:26:14","slug":"bazkaria","status":"publish","type":"product","link":"https:\/\/www.geltoki.red\/eu\/geltokidenda\/navarra-ecologica\/bazkaria\/","title":{"rendered":"Ekoizleen bazkaria | Comida de productorxs"},"content":{"rendered":"<p>&nbsp;<\/p>\n<p><strong>MENUA | MEN\u00da <\/strong><\/p>\n<p><strong>Hazialdeko-ko txitxirio entsalada, barazkiak eta pestoarekin <\/strong><\/p>\n<p>Ensalada de garbanzos de Hazialdeko con verduras y pesto<\/p>\n<p>&#8212;&#8212;<\/p>\n<p><strong>Sarbileko txahal ekologiko bolatxoak rag\u00fa saltsan <\/strong><\/p>\n<p>Alb\u00f3ndigas de ternera ecol\u00f3gica de Sarbil en salsa rag\u00fa<\/p>\n<p>\u00f3 \/ edo<\/p>\n<p><strong> Tenperatura baxuan egindako Ekollaondoko arrautza, zizak eta parmentierrarekin <\/strong><\/p>\n<p>Huevo de Ekollaondo a baja temperatura con setas y parmentier (opci\u00f3n vegetariana)<\/p>\n<p>&#8212;&#8212;<\/p>\n<p><strong>Axuribeltz gazta tartatxoa Lurmendi marmeladarekin <\/strong><\/p>\n<p>Vasito de tarta de queso Axuribeltz con mermelada Lurmendi<\/p>\n<p>&#8212;&#8212;<\/p>\n<p><strong>Lakabeko ogia eta Mendiko upategiko ardo beltza eta gorria <\/strong><\/p>\n<p>Pan de Lakabe y vino tinto y rosado de Bodega Mendiko<\/p>\n","protected":false},"excerpt":{"rendered":"<p>&nbsp;<\/p>\n<p><strong>MENUA | MEN\u00da <\/strong><\/p>\n<p><strong>Hazialdeko-ko txitxirio entsalada, barazkiak eta pestoarekin <\/strong><\/p>\n<p>Ensalada de garbanzos de Hazialdeko con verduras y pesto<\/p>\n<p>&#8212;&#8212;<\/p>\n<p><strong>Sarbileko txahal ekologiko bolatxoak rag\u00fa saltsan <\/strong><\/p>\n<p>Alb\u00f3ndigas de ternera ecol\u00f3gica de Sarbil en salsa rag\u00fa<\/p>\n<p>\u00f3 \/ edo<\/p>\n<p><strong> Tenperatura baxuan egindako Ekollaondoko arrautza, zizak eta parmentierrarekin <\/strong><\/p>\n<p>Huevo de Ekollaondo a baja temperatura con setas y parmentier (opci\u00f3n vegetariana)<\/p>\n<p>&#8212;&#8212;<\/p>\n<p><strong>Axuribeltz gazta tartatxoa Lurmendi marmeladarekin <\/strong><\/p>\n<p>Vasito de tarta de queso Axuribeltz con mermelada Lurmendi<\/p>\n<p>&#8212;&#8212;<\/p>\n<p><strong>Lakabeko ogia eta Mendiko upategiko ardo beltza eta gorria <\/strong><\/p>\n<p>Pan de Lakabe y vino tinto y rosado de Bodega Mendiko<\/p>\n","protected":false},"featured_media":114665,"template":"","meta":[],"product_brand":[],"product_cat":[2600],"product_tag":[],"class_list":{"0":"post-114659","1":"product","2":"type-product","3":"status-publish","4":"has-post-thumbnail","6":"product_cat-navarra-ecologica","8":"first","9":"outofstock","10":"downloadable","11":"virtual","12":"taxable","13":"purchasable","14":"product-type-simple"},"aioseo_notices":[],"_links":{"self":[{"href":"https:\/\/www.geltoki.red\/eu\/wp-json\/wp\/v2\/product\/114659","targetHints":{"allow":["GET"]}}],"collection":[{"href":"https:\/\/www.geltoki.red\/eu\/wp-json\/wp\/v2\/product"}],"about":[{"href":"https:\/\/www.geltoki.red\/eu\/wp-json\/wp\/v2\/types\/product"}],"version-history":[{"count":0,"href":"https:\/\/www.geltoki.red\/eu\/wp-json\/wp\/v2\/product\/114659\/revisions"}],"wp:featuredmedia":[{"embeddable":true,"href":"https:\/\/www.geltoki.red\/eu\/wp-json\/wp\/v2\/media\/114665"}],"wp:attachment":[{"href":"https:\/\/www.geltoki.red\/eu\/wp-json\/wp\/v2\/media?parent=114659"}],"wp:term":[{"taxonomy":"product_brand","embeddable":true,"href":"https:\/\/www.geltoki.red\/eu\/wp-json\/wp\/v2\/product_brand?post=114659"},{"taxonomy":"product_cat","embeddable":true,"href":"https:\/\/www.geltoki.red\/eu\/wp-json\/wp\/v2\/product_cat?post=114659"},{"taxonomy":"product_tag","embeddable":true,"href":"https:\/\/www.geltoki.red\/eu\/wp-json\/wp\/v2\/product_tag?post=114659"}],"curies":[{"name":"wp","href":"https:\/\/api.w.org\/{rel}","templated":true}]}}

<p>&nbsp;</p>
<p><strong>MENUA | MENÚ </strong></p>
<p><strong>Hazialdeko-ko txitxirio entsalada, barazkiak eta pestoarekin </strong></p>
<p>Ensalada de garbanzos de Hazialdeko con verduras y pesto</p>
<p>&#8212;&#8212;</p>
<p><strong>Sarbileko txahal ekologiko bolatxoak ragú saltsan </strong></p>
<p>Albóndigas de ternera ecológica de Sarbil en salsa ragú</p>
<p>ó / edo</p>
<p><strong> Tenperatura baxuan egindako Ekollaondoko arrautza, zizak eta parmentierrarekin </strong></p>
<p>Huevo de Ekollaondo a baja temperatura con setas y parmentier (opción vegetariana)</p>
<p>&#8212;&#8212;</p>
<p><strong>Axuribeltz gazta tartatxoa Lurmendi marmeladarekin </strong></p>
<p>Vasito de tarta de queso Axuribeltz con mermelada Lurmendi</p>
<p>&#8212;&#8212;</p>
<p><strong>Lakabeko ogia eta Mendiko upategiko ardo beltza eta gorria </strong></p>
<p>Pan de Lakabe y vino tinto y rosado de Bodega Mendiko</p>
